+ 5 + (-46 - 48)
-94
What is 60 + 28 + -72 + 49?
65
Evaluate 5 + 2 - (-290 + 321 + 0 + -93).
69
2 - (-191 - -203 - (-25 + 0 + 3))
-32
What is -1 - (-20 - 5) - (-1235 - -1342)?
-83
Evaluate (131 - 381) + 187 - (15 + 1).
-79
Evaluate 31 - (-15 - -45) - (-33 + 8).
26
What is the value of 3 - (5 - -8) - (-7 + 15 + 10)?
-28
Evaluate -1 + (12 + -13 + (3 - (1 + -2)) - 92).
-90
Calculate -277 + 280 + (-1 - -1) + (-7 - 5).
-9
4 - -13 - (-28 - (-4 + -30))
11
Calculate -156 + 19 + 46 + -29 + 25.
-95
Calculate 725 + -663 - (5 + 42).
15
Evaluate -2305 - -2311 - (2 + 5).
-1
Calculate (4 - (0 + 2 - (-9 + 20 + -14))) + -97.
-98
Evaluate 3 + (-65 - (-60 + 68)).
-70
Calculate 26 + -8 + -13 - (-1 + 4 - (-79 - -14)).
-63
What is the value of (-21 - -15) + (-59 - -54 - 4)?
-15
What is the value of -4 + (-2 - -5) + -8 - (-45 - 0)?
36
What is -85 + (153 - (84 - 38))?
22
Evaluate 50 + 7 + -17 + -23.
17
Calculate (23 + -3 - 3) + -13 + (-265 - -163).
-98
Evaluate 69 + -11 + -112 + (-3 - -1) + 12.
-44
What is (77 - (-12 + 32 - 16)) + 21 + -5?
89
What is (35 - 28) + (11 - 1) + -4 + -16?
-3
Calculate 88 - (1 + 0 + -3 - (205 + -66 - 154)).
75
What is -29 - (18 + -100 - -43)?
10
Calculate (-11 + -1 - (-3 + (-6 - -7))) + (431 - 397).
24
(-24 - -1) + (163 - 112) + -38 + 16
6
4 - 0 - (20 + -36 + 6 + 46 + -43)
11
Calculate -8 - (24 + -64 + 50).
-18
Evaluate 31 - ((-33 - -77) + -4).
-9
Calculate (14 + -158 - (28 - 28)) + 49.
-95
Evaluate 74 - 38 - (11 + 2 - (9 - 11)).
21
What is the value of (25 + -2 - (7 + -19 + 12)) + -7 + -1?
15
Evaluate 17 + -1 + (38 + (-54 - -5) - (2 + -1)).
4
What is the value of 9 + (-30 - -10) - -28 - 3?
14
What is 3 + -4 + 5 + (-13 - (-23 + 14)) - -47?
47
What is 6 - 8 - -7 - (27 - -12) - 3?
-37
What is -412 + 398 - (2 + -6 - 1 - -4)?
-13
What is the value of 50 + -1 - (35 + -42) - 3 - 11?
42
What is -15 + ((9 - (-8 + 22)) + -5 - (-6 + 0))?
-19
Evaluate -3 + (-60 - -74) - (3 - 2).
10
Evaluate 205 + -141 + -103 + (0 - -153).
114
Evaluate -45 + 43 + 141 + -99.
40
Calculate (265 - 217 - (38 + 0)) + -17.
-7
What is the value of (68 + -11 - -38) + (-5 + -2 - 12)?
76
Evaluate -123 + -1 - (-204 + 92).
-12
What is 2 - (-46 + 1 + (-1 + -9 - (-52 - -52)))?
57
What is the value of 1 + -4 - -5 - (73 + -132 - (1 - 7))?
55
(3 + 7 + -8 + -1 - (-8 + 9)) + 14
14
Calculate -77 + 85 + 40 + -32.
16
Evaluate -55 + 1 + (-1130 - -1214).
30
236 + -92 + -106 + 14
52
Calculate 35 + (-1 - (20 - 3)) + 24.
41
Evaluate -15 - (-1 - -32 - (-12 + 29)).
-29
What is the value of -7 - (15 + -5) - (-42 + 47)?
-22
What is the value of -68 - 1 - (17 - 34 - -11)?
-63
What is the value of 213 + -161 - (0 - -11)?
41
Calculate 8 + -1 + -139 - (-24 - -3 - -14 - -8).
-133
What is (17 + -18 - 63) + -31 + 24 + (6 - 1)?
-66
Evaluate (-2 + 62 - (-7 - (-18 + 11) - -15)) + 0.
45
What is 127 - (103 - 40 - -38)?
26
(47 - 9) + -39 - (0 - 6 - -6)
-1
Evaluate (5 - 16) + 8 - 0 - (23 - 2 - -1).
-25
Calculate 72 - 30 - -8 - 94 - (-1 + (-5 - -1)).
-39
Evaluate (10 - (1 + 0)) + -75 + (-50 - -166 - 37).
13
Evaluate 6 + 80 + ((-72 - -54) + (0 - -2) - -25).
95
Evaluate 148 + (75 - 122) - -27.
128
Calculate (0 + 7 - (26 - 19)) + (-19 - -24) + -33.
-28
Calculate -9 + 0 + -23 + (1 - (4 - 27)).
-8
What is the value of (153 - 92 - -52) + -96?
17
What is the value of -98 + (6 - (-8 + 5) - (49 + -29))?
-109
What is -116 + -36 + 159 - (83 + 1)?
-77
Calculate 8 + -64 + -1 + 27 - -39.
9
Evaluate (6 - 2 - -1) + (45 - (-46 + 67)).
29
What is the value of 2 + -1 + -25 + (-39 - (-80 + 80))?
-63
What is the value of 26 - (-27 + 10 + 32) - (2 + 49)?
-40
What is (-3 - (10 + -2 - 15)) + -24 + 15?
-5
Evaluate 16 - 1 - (-46 + (-57 - -72)).
46
What is the value of -73 + 42 + 14 - (22 - 0)?
-39
What is the value of 3 - 31 - (472 - 452)?
-48
Evaluate -7 + -2 + (-8 - -22) + (-22 - (2 - 1)).
-18
What is -79 - (16 + (-8 - 24))?
-63
-56 - (26 - (-27 + -30 + 45))
-94
0 + -37 + 17 + 14 + -32
-38
What is -33 + (37 - 13) + -2 - (-24 - 0)?
13
-20 + 58 + -11 + 43 + -6
64
Calculate 111 + 4 - -29 - 23 - (0 + -20).
141
(0 - 6) + (45 - 58 - (-2 + -6 + -6))
-5
Evaluate -20 + 5 + 3 + (-4 - -58).
42
What is 9 - ((-6 - -59) + -6 + -22 + 17)?
-33
What is 5 + 9 - (-3 + 5 + -2 + 7 + -2)?
9
What is the value of (-4 + 38 - 35) + 1 + -6?
-6
Calculate ((1 - 8) + -13 - -37) + 20.
37
Calculate -137 + -4 + 41 - -29 - 38.
-109
Calculate ((-2 - -8) + -3 - -3) + (-55 - -54).
5
What is 53 - ((53 - 17) + -33)?
50
What is the value of (-684 - -563) + 143 + -8?
14
Calculate 18 + -26 + (40 - (4 + -7 + (4 - 5))).
36
What is the value of (18 + -10 + -3 - (-1 + -8)) + 39?
53
Calculate -37 + -31 + 34 + 21 - (-1 + 14).
-26
What is -48 - -2 - (27 + (-15 - 24))?
-34
Evaluate 283 - 212 - (0 + 0) - 18.
53
Calculate 7 - -98 - (14 + -2 + -5 + 0 + -18).
116
What is the value of -35 + (3 - (7 + -2 - (19 + -51 - -28)))?
-41
What is -23 + -15 + 41 - (18 + 2)?
-17
Calculate 11244 + -11257 - (-1 - -3 - -25 - 2).
-38
What is the value of 5 + -16 - -3 - -10 - 35?
-33
Evaluate 26 + -1 + (-182 - -84) + 131.
58
What is (-15 + 30 - 13 - 44) + 171?
129
What is the value of 7 - ((8 + (-2 - 1) - 4) + -223 + 265)?
-36
Evaluate 24 + 0 - (-113 - -114) - 17.
6
What is the value of (31 - -5 - 22) + 1 + -121 + 2?
-104
What is the value of -177 + 34 + (61 - 14)?
-96
Calculate -62156 - -62298 - (1 + (39 - 1)).
103
Evaluate -2 + -5 + (17 + -11 - -7) - (-79 + 51).
34
What is the value of -5 + -79 + (-74 - -11 - -112)?
-35
What is the value of -63 - -1 - (-3844 + 3822)?
-40
Evaluate 19 + (-30 - -9) + 10 - 103.
-95
What is 13 + (-64 - -19 - (-2 + 7))?
-37
(10 - -141) + -59 + 78 + -24
146
Evaluate 30 - (-3 + (-34 - -20) + 21).
26
What is -109 + 39 + 56 - (-55 - -1)?
40
Evaluate 2 + -2 + (0 - -1 - (-143 - -160)).
-16
Calculate (-8 - 14) + 8 - (-3 - 48).
37
What is the value of -8 + -56 + 75 + -48?
-37
Calculate -97 + 102 - (3 + -5 + -3) - 77.
-67
Evaluate (28 - 30) + 7 + 1 + 9.
15
5 - (-38 + (-11 + 5 - (11 + -24)))
36
What is 57 + -84 + 14 - (29 + 2)?
-44
Evaluate (0 - -99) + (-14203 - -14185).
81
(-1 + 22 - -29 - 59) + (2 - 117)
-124
What is (-18 - -17 - 7) + -3 + -37 - (-7 + 1)?
-42
Calculate -58 - (92 + -127) - (1 + -96).
72
What is -81 + -29 - -105 - (13 + -2)?
-16
Evaluate -113 + 1 + 55 - (29 + 1).
-87
What is the value of -24 - (-35 + -33 + 73)?
-29
Calculate -16 + (20 - (-26 + 19)) - -70.
81
What is the value of (-46 - -27 - 8) + 6?
-21
What is the value of -226 + 111 + 148 - 42?
-9
-2 - (25 - 23) - (-1 - (-2 + 7) - -4)
-2
Evaluate (0 - -6 - 5) + (-428 - -444).
17
Calculate (12 - (-15 - -5)) + -5 + 18.
35
Calculate -42 - (91 - -67 - 232).
32
What is the value of (-26 - -27 - ((7 - 11) + -60)) + -19?
46
What is 328 - 324 - (54 - -2) - -10?
-42
Evaluate -10 + 3 + (-31 + 34 - (9 + 2) - 96).
-111
0 + (-85 - (73 - 58))
-100
What is -4 + -40 + (-23 + 7 + -3 - (-45 - -34))?
-52
What is 176 - 128 - (4 - (0 + -10))?
34
What is 21 - (-12 - (-110 + (-7 - -25)))?
-59
What is (68 + 4 - 128) + 68?
12
What is the value of (4 - 0) + -436 + 426?
-6
Evaluate -447 - -519 - (3 + (-3 - -2)).
70
Evaluate -29 - (-50 + (44 - 43)).
20
Calculate 11 + (35 - (1 - -57)) + -1 + 13.
0
What is 162 + -120 + 87 + -57?
72
What is 63 + 55 + -153 - (-18 - 1)?
-16
Calculate 32 - (6 + 8) - ((-17 - 2) + 15).
22
Calculate (-3 - (-58 + 36)) + -40.
-21
68 + (-13 + (13 - 17) - -4) + 1
56
Evaluate (92 - (69 - 11)) + (1 - 45).
-10
Calculate 103 + (120 - 118) + -82.
23
What is 29 + 80 + 38 + -137 + 34 + (-1 - 0)?
43
What is the value of -9 - (-4 + 1) - (39 + -21 + -9)?
-15
1 + -20 + 15 + 2 + -9 + -9
-20
What is 0 + -59 - (-1 - 21)?
-37
What is the value of -89 - -52 - (37 + -31)?
-43
Evaluate (-150 - -42) + (-4 - -6 - -4) + -5.
-107
Calculate 16 + -16 + (-141 - -117).
-24
Calculate (11 - (3 + -3)) + ((-64 - 1) + 14 - 30).
-70
-100 - (-76 + 30 + 88 - 16)
-126
Evaluate -1 - (-4 + 21) - (12 - (9 - -4)).
-17
What is 7 - (-2 - (3 + 1) - -34)?
-21
What is the value of -66 + (157 - 66) + -66?
-41
Calculate (11 + -7 + -76 - -6) + (-325 - -315).
-76
Calculate (-2 - -8) + (29 - 17 - 39).
-21
Evaluate 7 + 15 - (-345 + 372).
-5
(35 - (12 + 5 + -12 - -9 - 9)) + 12
42
57 + (58 - 107) - -2
10
What is -46 - -109 - 60 - -34?
37
Evaluate (-42 - (10 - 9 - -9)) + 12.
-40
What is -67 - (147 - 95 - (-2 + 16))?
-105
Calculate -1 + 6 + -93 + 3 + -15 + (-143 - -142).
-101